{"id":2263,"date":"2020-04-26T10:31:02","date_gmt":"2020-04-26T10:31:02","guid":{"rendered":"https:\/\/hernott.de\/?page_id=2263"},"modified":"2020-04-26T10:31:02","modified_gmt":"2020-04-26T10:31:02","slug":"solarwuerfel-12-230v","status":"publish","type":"page","link":"https:\/\/hernott.de\/index.php\/solarwuerfel-12-230v\/","title":{"rendered":"Solarw\u00fcrfel  12\/230V"},"content":{"rendered":"\n<figure class=\"wp-block-image size-large\"><img loading=\"lazy\" decoding=\"async\" width=\"768\" height=\"1024\" src=\"https:\/\/hernott.de\/wp-content\/uploads\/2020\/04\/signal-attachment-2020-04-18-182816-4-768x1024.jpeg\" alt=\"\" class=\"wp-image-2264\" srcset=\"https:\/\/hernott.de\/wp-content\/uploads\/2020\/04\/signal-attachment-2020-04-18-182816-4-768x1024.jpeg 768w, https:\/\/hernott.de\/wp-content\/uploads\/2020\/04\/signal-attachment-2020-04-18-182816-4-225x300.jpeg 225w, https:\/\/hernott.de\/wp-content\/uploads\/2020\/04\/signal-attachment-2020-04-18-182816-4-1152x1536.jpeg 1152w, https:\/\/hernott.de\/wp-content\/uploads\/2020\/04\/signal-attachment-2020-04-18-182816-4-1536x2048.jpeg 1536w, https:\/\/hernott.de\/wp-content\/uploads\/2020\/04\/signal-attachment-2020-04-18-182816-4-scaled.jpeg 1920w\" sizes=\"(max-width: 768px) 100vw, 768px\" \/><figcaption>F\u00fcr die Zeit drau\u00dfen haben wir diesen Solar W\u00fcrfel geschaffen. Er hat zwei Solarmodule, eine aufladbare Batterie mit Spannungsanzeige,Laderegler,eine Lampe f\u00fcr Abends, diverse Handy-Ladestationen, 12V-Buchsen  und einen 230V-Wandler mit Steckdose. Im 230V Modus schafft er derzeit Ger\u00e4te bis zu 150W<\/figcaption><\/figure>\n\n\n\n<figure class=\"wp-block-gallery columns-2 is-cropped wp-block-gallery-1 is-layout-flex wp-block-gallery-is-layout-flex\"><ul class=\"blocks-gallery-grid\"><li class=\"blocks-gallery-item\"><figure><img loading=\"lazy\" decoding=\"async\" width=\"768\" height=\"1024\" src=\"https:\/\/hernott.de\/wp-content\/uploads\/2020\/04\/signal-attachment-2020-04-18-182933_002-4-768x1024.jpeg\" alt=\"\" data-id=\"2266\" data-link=\"https:\/\/hernott.de\/?attachment_id=2266\" class=\"wp-image-2266\" srcset=\"https:\/\/hernott.de\/wp-content\/uploads\/2020\/04\/signal-attachment-2020-04-18-182933_002-4-768x1024.jpeg 768w, https:\/\/hernott.de\/wp-content\/uploads\/2020\/04\/signal-attachment-2020-04-18-182933_002-4-225x300.jpeg 225w, https:\/\/hernott.de\/wp-content\/uploads\/2020\/04\/signal-attachment-2020-04-18-182933_002-4-1152x1536.jpeg 1152w, https:\/\/hernott.de\/wp-content\/uploads\/2020\/04\/signal-attachment-2020-04-18-182933_002-4-1536x2048.jpeg 1536w, https:\/\/hernott.de\/wp-content\/uploads\/2020\/04\/signal-attachment-2020-04-18-182933_002-4-scaled.jpeg 1920w\" sizes=\"(max-width: 768px) 100vw, 768px\" \/><\/figure><\/li><li class=\"blocks-gallery-item\"><figure><img loading=\"lazy\" decoding=\"async\" width=\"768\" height=\"1024\" src=\"https:\/\/hernott.de\/wp-content\/uploads\/2020\/04\/signal-attachment-2020-04-18-182719-6-768x1024.jpeg\" alt=\"\" data-id=\"2267\" data-full-url=\"https:\/\/hernott.de\/wp-content\/uploads\/2020\/04\/signal-attachment-2020-04-18-182719-6-scaled.jpeg\" data-link=\"https:\/\/hernott.de\/?attachment_id=2267\" class=\"wp-image-2267\" srcset=\"https:\/\/hernott.de\/wp-content\/uploads\/2020\/04\/signal-attachment-2020-04-18-182719-6-768x1024.jpeg 768w, https:\/\/hernott.de\/wp-content\/uploads\/2020\/04\/signal-attachment-2020-04-18-182719-6-225x300.jpeg 225w, https:\/\/hernott.de\/wp-content\/uploads\/2020\/04\/signal-attachment-2020-04-18-182719-6-1152x1536.jpeg 1152w, https:\/\/hernott.de\/wp-content\/uploads\/2020\/04\/signal-attachment-2020-04-18-182719-6-1536x2048.jpeg 1536w, https:\/\/hernott.de\/wp-content\/uploads\/2020\/04\/signal-attachment-2020-04-18-182719-6-scaled.jpeg 1920w\" sizes=\"(max-width: 768px) 100vw, 768px\" \/><\/figure><\/li><\/ul><\/figure>\n","protected":false},"excerpt":{"rendered":"","protected":false},"author":1,"featured_media":0,"parent":0,"menu_order":0,"comment_status":"closed","ping_status":"closed","template":"","meta":{"footnotes":""},"class_list":["post-2263","page","type-page","status-publish","hentry","gallery-content-unit"],"_links":{"self":[{"href":"https:\/\/hernott.de\/index.php\/wp-json\/wp\/v2\/pages\/2263"}],"collection":[{"href":"https:\/\/hernott.de\/index.php\/wp-json\/wp\/v2\/pages"}],"about":[{"href":"https:\/\/hernott.de\/index.php\/wp-json\/wp\/v2\/types\/page"}],"author":[{"embeddable":true,"href":"https:\/\/hernott.de\/index.php\/wp-json\/wp\/v2\/users\/1"}],"replies":[{"embeddable":true,"href":"https:\/\/hernott.de\/index.php\/wp-json\/wp\/v2\/comments?post=2263"}],"version-history":[{"count":1,"href":"https:\/\/hernott.de\/index.php\/wp-json\/wp\/v2\/pages\/2263\/revisions"}],"predecessor-version":[{"id":2268,"href":"https:\/\/hernott.de\/index.php\/wp-json\/wp\/v2\/pages\/2263\/revisions\/2268"}],"wp:attachment":[{"href":"https:\/\/hernott.de\/index.php\/wp-json\/wp\/v2\/media?parent=2263"}],"curies":[{"name":"wp","href":"https:\/\/api.w.org\/{rel}","templated":true}]}}